)/15 + (-14)/(-105). Let q = -3 + -1. What are the prime factors of i/((-5)/q + -2)?
2, 3
Let x(p) = 2*p**2 + 7*p - 2. Let d = 49 - 54. What are the prime factors of x(d)?
13
Suppose 0*h - 23*h + 20700 = 0. What are the prime factors of h?
2, 3, 5
Suppose -6708 = -5*v - 4*i + 7*i, -2*v + 2679 = 3*i. List the prime factors of v.
3, 149
Let f(c) = -601*c - 26. What are the prime factors of f(-2)?
2, 3, 7
Suppose 3*k = n + 11, n = 4*k - 2*n - 23. Suppose -6*b + 2*b = k*l - 114, 5*b + 15 = 0. What are the prime factors of l?
3, 7
Let v = -2589 + 4166. What are the prime factors of v?
19, 83
Suppose 0*k - 6 = -2*k. Suppose 5*b - 86 = k*b. What are the prime factors of b?
43
Suppose -4*n + 153 = 5*g, -2*g - n + 30 = -g. What are the prime factors of g/22 + 427/2?
5, 43
Let z = -111 - -581. What are the prime factors of z?
2, 5, 47
Let o(u) = 3*u**3 - 8*u**2 - 4*u + 2. Let l(h) = h**3 - h**2 + h + 1. Let k(d) = 2*l(d) - o(d). List the prime factors of k(5).
5, 11
Let t(s) = 3*s**2 + 8*s + 7. Let j(y) = y**2 - y + 1. Let i(x) = -4*j(x) + t(x). Let g be i(12). Suppose 0 = g*m - 22 - 80. List the prime factors of m.
2, 17
Let r(p) = p**2 + 22. What are the prime factors of r(12)?
2, 83
Suppose -248 = 3*d + d. Suppose 73*k + 72 = 71*k. Let c = k - d. What are the prime factors of c?
2, 13
Let a = 7 - 5. Suppose -s - c - 54 = -137, -170 = -2*s + a*c. List the prime factors of s.
2, 3, 7
Let w be -4 + 2 + (-6)/((-30)/5). Let s be 9 + (2 - 1) + -2. Let x = s - w. What are the prime factors of x?
3
Let a = 2879 - -1843. List the prime factors of a.
2, 3, 787
Let z = -44 + 28. Let r = -8 + 32. Let j = r + z. What are the prime factors of j?
2
Suppose 23 = -5*c - 22. Let k(h) = -h**2 - 11*h - 13. Let a be k(c). Suppose -3*v - a*y + 26 = -0, -5*y - 70 = -5*v. What are the prime factors of v?
2, 3
Let j(t) be the third derivative of t**4/24 - 4*t**3/3 + 6*t**2. What are the prime factors of j(11)?
3
Let h = -12 + 123. Suppose h*q + 282 = 114*q. List the prime factors of q.
2, 47
Suppose -30*w = -35*w - 15. Let o(a) = -a**2 - 6*a - 7. Let b be o(w). Suppose -q - 4*y = -68, -4*q - b*y + 289 = -3*y. List the prime factors of q.
2, 3
Let x = 114 + -66. Let j(u) = -181*u - 1. Let g be j(-1). Suppose 4*a + x = g. What are the prime factors of a?
3, 11
Suppose -2*u + h = -1819, 815 - 4488 = -4*u - 5*h. What are the prime factors of u?
2, 3, 19
Suppose 2*m = -2*m - 184. Let j = -83 - m. Let p = -26 - j. What are the prime factors of p?
11
Suppose l + 2*l = 0. Suppose -3*n = 5*r - 3 - l, 3*r - 5 = -n. Suppose -5*c + r*a = -41, -2*c = -0*c - 4*a - 8. List the prime factors of c.
2, 5
Suppose 0 = -l + 44 + 79. Suppose y - 93 = -2*y + 2*r, -3*r - l = -4*y. Suppose -3*a - 2*t + 74 = -a, 0 = a - 3*t - y. What are the prime factors of a?
2, 3
Let z = 6584 - 3152. What are the prime factors of z?
2, 3, 11, 13
Let t be (3/(-1) - -2) + -11. Let q be 179/2 + (-6)/t. Suppose 4*u + u = q. List the prime factors of u.
2, 3
Let m = 7474 - 3138. List the prime factors of m.
2, 271
Suppose 3*z = 4*j + 5755, -341 = -3*z + 2*j + 5406. What are the prime factors of z?
1913
Suppose -n + 184 = -260. What are the prime factors of n?
2, 3, 37
Suppose -8 = w - 29. Suppose 19*u = w*u - 196. List the prime factors of u.
2, 7
Suppose 0 = -5*j - 40 + 130. Suppose 3*v - v = j. Let i(m) = -m**3 + 9*m**2 + 3*m + 12. List the prime factors of i(v).
3, 13
Suppose 3*n + 164 = 4*j - 247, 515 = 5*j - 5*n. Suppose -5*y = -2*y - j. Suppose y + 191 = 5*u. What are the prime factors of u?
3, 5
Suppose 4*m + 5*u - 4*u = -151, 4*m + 142 = 2*u. Let l = -12 - m. Suppose n + 3*v = 2*v + l, 0 = v. What are the prime factors of n?
5
Let f = -27 - -18. Let h(i) = -i**3 - 10*i**2 - 8*i + 5. Let v be h(f). Let k(p) = p**3 + 5*p**2 - p + 6. List the prime factors of k(v).
2, 13
Let l be (2 + 1 - -1)*1. Let j(z) = 3*z**2 + l*z - z - z - z**2. What are the prime factors of j(-2)?
2
Let z(n) = -86*n + 2. Let y be z(-2). What are the prime factors of (-30)/(-45)*y/4?
29
Let l(u) be the first derivative of 7*u**2/2 - 10*u - 4. What are the prime factors of l(7)?
3, 13
List the prime factors of -6*7/168 - 545/(-4).
2, 17
Let a(s) = s + 9. Let z(b) = 2 + 1 + 2 + b. Let c be z(4). What are the prime factors of a(c)?
2, 3
Suppose 0 = 3*x - 25 - 80. Suppose 60 + x = 5*f - u, -2*f - u = -45. List the prime factors of f.
2, 5
What are the prime factors of (0 - 0) + 2 + 1066?
2, 3, 89
Let s(z) = 14*z + 3. Let p be s(2). What are the prime factors of p/((2/5)/((-8)/(-20)))?
31
Let p(w) = 2*w**3 + 8*w**2 + 6*w + 3. Let q be p(-5). List the prime factors of 700/22 + (-14)/q.
2
Let v = 24 - 27. What are the prime factors of 71 - (-1)/v*9?
2, 17
Suppose 0 = 3*j - 4*v - 1128, -j = 3*j - 3*v - 1511. List the prime factors of j.
2, 5, 19
Suppose 0 = 3*x - j - 13, 2*x - 1 = 4*j + 1. Suppose -5*v + 0 = -s - 1, 0 = -x*s + v + 67. List the prime factors of 2/s + (-181)/(-7).
2, 13
Suppose 0 = a - 0*a - 2. Suppose 21*x - 5 = 20*x. Suppose -k + 75 - a = 4*w, 4*w = -x*k + 349. List the prime factors of k.
3, 23
Suppose 15*i - 12*i - 51 = 0. Suppose 5*n - 162 = -i. List the prime factors of n.
29
Let c be -1*((-18)/(-12) - (-219)/2). Let i = 161 + c. What are the prime factors of i?
2, 5
Let u(n) = -n**2 - n + 1. Let p be u(4). Let m = 70 + p. List the prime factors of m.
3, 17
Let g be (-10)/(-30) + (-2)/6. Suppose 2*n + 3*s - 19 = g, 7*s = -5*n + 3*s + 30. What are the prime factors of (57/(-12))/(n/(-8))?
19
Let m(c) = 17*c**2 + 17. What are the prime factors of m(5)?
2, 13, 17
Suppose -79 = -5*a + 46. Suppose 5*z = -v + a, 2*z = -2*v + 22 + 12. Suppose v = 3*p, -2*d + 6*d - 70 = 2*p. List the prime factors of d.
2, 5
Suppose 0 = -4*z + 39 + 25. Suppose 11*o + 465 = z*o. List the prime factors of o.
3, 31
Let d(z) = -z - 10 + 13*z**2 - z**3 + 3 + 8*z. Let v be d(13). Suppose 4 = k, 5*n + 5*k = n + v. What are the prime factors of n?
2
Let t = -429 + 596. List the prime factors of t.
167
Let r = -11 + 16. What are the prime factors of 118/(-3 - r/(15/(-12)))?
2, 59
Let n(a) = a**2 - 5*a - 19. Let d be n(8). Suppose 2*f + d = -3. List the prime factors of (-223)/f + (-4)/(-16).
2, 7
Let b(s) = 37*s - 177. What are the prime factors of b(47)?
2, 11, 71
Let y be (8/(-10))/(8/60). Let s = y + 9. Suppose 0 = -c - 4*d + 47, 0 = -c + s*d + 51 - 11. List the prime factors of c.
43
Suppose 0 = 12*i - 74150 + 29534. List the prime factors of i.
2, 11, 13
Let r = -2 - -14. Suppose -4*v + r = 0, -3*p + 5*v + 241 = 13. What are the prime factors of p?
3
Let k(a) = 11*a + 1. Let r be (-6)/(-4) - (-3)/6. Suppose 2 = 2*x - r. List the prime factors of k(x).
23
Let g(d) = -d**3 + 10*d**2 - d + 8. Let j be g(10). Let k = 5 + j. Suppose k*x - 20 = 7. What are the prime factors of x?
3
Let k be (3 - 4) + (67 - 2). Let v = k + -134. List the prime factors of ((-200)/v)/((-1)/(-7)).
2, 5
List the prime factors of -3*(422/(-3) + -3).
431
Suppose b + 12 = a, 4*b + a - 3*a = -50. Let p = 10 + b. What are the prime factors of (-5)/(p - 32/(-12))?
3, 5
Let l be (-3)/(6/8)*1. Let q be 1/(-2) + 130/l. Let s = 54 + q. List the prime factors of s.
3, 7
Let n be 2/((4 + -5)/(-2)). Suppose 5*l - 59 = -3*c, 2*l + n = -0*l. What are the prime factors of c?
23
Suppose 4*c + c = 30. Let j(m) be the third derivative of 11*m**4/24 - 7*m**3/3 + 6*m**2. What are the prime factors of j(c)?
2, 13
What are the prime factors of 100888/64 - 30/80?
2, 197
Let t(k) = -468*k - 668. List the prime factors of t(-5).
2, 11, 19
Let p = -38 + 23. Let b = 62 - 84. Let a = p - b. What are the prime factors of a?
7
Let g(d) = -4*d**2 + d**3 + 15*d + d - 3*d - 54 - 18*d**2. List the prime factors of g(22).
2, 29
Suppose -12*i + 24125 = -35023. What are the prime factors of i?
3, 31, 53
Let d(r) = 13*r - 18. Suppose 19*z = 21*z - 16. List the prime factors of d(z).
2, 43
Suppose 3*u + 130 + 628 = -2*v, -1900 = 5*v + 5*u. Let b = -90 - v. What are the prime factors of b?
2, 73
List the prime factors of (-10885)/7*(-1)/10*2.
311
Let r be (-5 - 911)*(-11)/((-44)/(-24)). What are the prime factors of 3 + ((-4)/(-14) - r/(-21))?
5, 53
Let j be -3 - -3 - -4 - 1. Let c(o) = -2*o**2 + 3*o + 1. Let k be c(j). List the prime factors of (-141)/(-6) - 4/k.
2, 3
Suppose 34*k = -4*k + 11894. List the prime factors